inder when 758 is divided by 406.
352
Calculate the remainder when 99 is divided by 21.
15
What is the remainder when 1351 is divided by 105?
91
What is the remainder when 230 is divided by 227?
3
What is the remainder when 109 is divided by 59?
50
What is the remainder when 118 is divided by 67?
51
What is the remainder when 107 is divided by 62?
45
Calculate the remainder when 521 is divided by 256.
9
What is the remainder when 1181 is divided by 37?
34
What is the remainder when 105 is divided by 31?
12
What is the remainder when 13 is divided by 5?
3
Calculate the remainder when 1797 is divided by 12.
9
Calculate the remainder when 294 is divided by 75.
69
What is the remainder when 197 is divided by 11?
10
What is the remainder when 195 is divided by 144?
51
Calculate the remainder when 117 is divided by 24.
21
Calculate the remainder when 91 is divided by 4.
3
What is the remainder when 18814 is divided by 112?
110
What is the remainder when 635 is divided by 22?
19
Calculate the remainder when 1184 is divided by 239.
228
Calculate the remainder when 505 is divided by 15.
10
Calculate the remainder when 292 is divided by 75.
67
Calculate the remainder when 114 is divided by 101.
13
Calculate the remainder when 629 is divided by 211.
207
What is the remainder when 329 is divided by 29?
10
Calculate the remainder when 1379 is divided by 69.
68
What is the remainder when 76 is divided by 7?
6
Calculate the remainder when 490 is divided by 19.
15
Calculate the remainder when 3486 is divided by 97.
91
What is the remainder when 1446 is divided by 132?
126
What is the remainder when 830 is divided by 139?
135
What is the remainder when 978 is divided by 19?
9
What is the remainder when 1226 is divided by 3?
2
Calculate the remainder when 261 is divided by 5.
1
What is the remainder when 9313 is divided by 77?
73
Calculate the remainder when 1255 is divided by 596.
63
Calculate the remainder when 671 is divided by 48.
47
Calculate the remainder when 1979 is divided by 124.
119
Calculate the remainder when 281 is divided by 22.
17
What is the remainder when 625 is divided by 202?
19
What is the remainder when 93 is divided by 44?
5
Calculate the remainder when 17142 is divided by 45.
42
Calculate the remainder when 1503 is divided by 35.
33
What is the remainder when 707 is divided by 12?
11
What is the remainder when 300 is divided by 35?
20
What is the remainder when 2455 is divided by 177?
154
What is the remainder when 27304 is divided by 43?
42
What is the remainder when 1878 is divided by 5?
3
Calculate the remainder when 3414 is divided by 1706.
2
Calculate the remainder when 325 is divided by 3.
1
What is the remainder when 751 is divided by 16?
15
Calculate the remainder when 209 is divided by 29.
6
What is the remainder when 707 is divided by 9?
5
What is the remainder when 1482 is divided by 28?
26
Calculate the remainder when 291 is divided by 14.
11
Calculate the remainder when 36 is divided by 6.
0
Calculate the remainder when 377 is divided by 373.
4
Calculate the remainder when 909 is divided by 231.
216
Calculate the remainder when 1419 is divided by 2.
1
Calculate the remainder when 1927 is divided by 3.
1
What is the remainder when 57 is divided by 11?
2
Calculate the remainder when 2306 is divided by 75.
56
What is the remainder when 455 is divided by 152?
151
Calculate the remainder when 614 is divided by 103.
99
What is the remainder when 176 is divided by 27?
14
Calculate the remainder when 730 is divided by 160.
90
Calculate the remainder when 324 is divided by 25.
24
Calculate the remainder when 2396 is divided by 47.
46
What is the remainder when 419 is divided by 88?
67
What is the remainder when 1784 is divided by 46?
36
What is the remainder when 1332 is divided by 69?
21
What is the remainder when 4292 is divided by 100?
92
Calculate the remainder when 145 is divided by 21.
19
Calculate the remainder when 468 is divided by 7.
6
What is the remainder when 180 is divided by 83?
14
Calculate the remainder when 263 is divided by 40.
23
Calculate the remainder when 1470 is divided by 367.
2
What is the remainder when 12055 is divided by 32?
23
Calculate the remainder when 535 is divided by 131.
11
Calculate the remainder when 505 is divided by 125.
5
What is the remainder when 457 is divided by 226?
5
What is the remainder when 141 is divided by 72?
69
Calculate the remainder when 606 is divided by 52.
34
What is the remainder when 107 is divided by 28?
23
Calculate the remainder when 193 is divided by 30.
13
Calculate the remainder when 30 is divided by 8.
6
What is the remainder when 1048 is divided by 175?
173
What is the remainder when 148 is divided by 33?
16
What is the remainder when 950 is divided by 119?
117
What is the remainder when 107 is divided by 12?
11
What is the remainder when 28 is divided by 18?
10
What is the remainder when 13390 is divided by 95?
90
What is the remainder when 408 is divided by 23?
17
What is the remainder when 52 is divided by 45?
7
Calculate the remainder when 20013 is divided by 36.
33
What is the remainder when 4255 is divided by 33?
31
What is the remainder when 445 is divided by 5?
0
What is the remainder when 474 is divided by 147?
33
What is the remainder when 740 is divided by 2?
0
Calculate the remainder when 82 is divided by 17.
14
What is the remainder when 6902 is divided by 8?
6
What is the remainder when 909 is divided by 61?
55
Calculate the remainder when 50206 is divided by 48.
46
Calculate the remainder when 1899 is divided by 45.
9
What is the remainder when 383 is divided by 11?
9
Calculate the remainder when 549 is divided by 25.
24
Calculate the remainder when 19 is divided by 17.
2
What is the remainder when 710 is divided by 158?
78
What is the remainder when 4255 is divided by 72?
7
What is the remainder when 251 is divided by 36?
35
What is the remainder when 163 is divided by 92?
71
What is the remainder when 18524 is divided by 65?
64
What is the remainder when 431 is divided by 2?
1
Calculate the remainder when 232 is divided by 11.
1
What is the remainder when 26 is divided by 7?
5
What is the remainder when 100 is divided by 31?
7
Calculate the remainder when 350 is divided by 120.
110
What is the remainder when 31 is divided by 24?
7
Calculate the remainder when 81 is divided by 46.
35
Calculate the remainder when 4568 is divided by 218.
208
What is the remainder when 51 is divided by 20?
11
What is the remainder when 213 is divided by 62?
27
Calculate the remainder when 59 is divided by 28.
3
What is the remainder when 108 is divided by 49?
10
What is the remainder when 167 is divided by 58?
51
What is the remainder when 560 is divided by 272?
16
What is the remainder when 84 is divided by 19?
8
Calculate the remainder when 457 is divided by 20.
17
Calculate the remainder when 89 is divided by 19.
13
Calculate the remainder when 216 is divided by 44.
40
Calculate the remainder when 453 is divided by 24.
21
Calculate the remainder when 51 is divided by 27.
24
Calculate the remainder when 810 is divided by 5.
0
Calculate the remainder when 298 is divided by 104.
90
Calculate the remainder when 682 is divided by 7.
3
What is the remainder when 34 is divided by 18?
16
Calculate the remainder when 261 is divided by 63.
9
What is the remainder when 1223 is divided by 12?
11
What is the remainder when 419 is divided by 20?
19
Calculate the remainder when 23391 is divided by 42.
39
Calculate the remainder when 147 is divided by 37.
36
Calculate the remainder when 322 is divided by 17.
16
Calculate the remainder when 613 is divided by 156.
145
Calculate the remainder when 5164 is divided by 41.
39
What is the remainder when 138 is divided by 3?
0
What is the remainder when 5988 is divided by 250?
238
Calculate the remainder when 561 is divided by 125.
61
What is the remainder when 1083 is divided by 229?
167
What is the remainder when 6920 is divided by 9?
8
What is the remainder when 86 is divided by 27?
5
Calculate the remainder when 1112 is divided by 21.
20
Calculate the remainder when 1216 is divided by 53.
50
What is the remainder when 58 is divided by 14?
2
What is the remainder when 710 is divided by 21?
17
What is the remainder when 189 is divid